s of b.
61
Suppose -1008 = -4*z - 4*a, -5*z - 8*a = -9*a - 1260. What are the prime factors of ((-394)/(-7))/(18/z)?
2, 197
Let p = 1285 - -491. Suppose 4 = -4*g, -5155 - p = -4*q - g. List the prime factors of q.
1733
Let f be (-264)/99*(-66)/8. Suppose 3*u - 15 = 0, f*s = 25*s + 4*u - 2711. List the prime factors of s.
3, 13, 23
Let s = -81781 - -130578. List the prime factors of s.
7, 6971
What are the prime factors of 6*(-3)/(-24)*(-646352)/(-42)?
2, 29, 199
What are the prime factors of -10 + -13 + -1 + 56135?
11, 5101
Let z be (14/(-35) + (-3)/5)*0. Suppose 1315 = r + r - 5*o, -3*o + 15 = z. What are the prime factors of r?
2, 5, 67
Let l be ((-13)/((-117)/8))/((-4)/(-18)). Suppose -5*a = -3*b + 1372, l*a + 261 + 194 = b. What are the prime factors of b?
3, 17
Let n = 15 - 15. Suppose n = -5*b + 8 + 2. Suppose 3*g - 110 = -m, -52 = -5*g + b*m + 135. What are the prime factors of g?
37
List the prime factors of (-9103)/(-1) + -1 - (75 + -67).
2, 4547
Let m = -8 + 6. Let q be m/12*-3*8. Let p(a) = a**3 - 2*a**2 + 5*a - 8. List the prime factors of p(q).
2, 11
Let y = 89 - 14. Let o(q) = -62*q - 9. Let h be o(-2). Suppose -2*a = -h - y. List the prime factors of a.
5, 19
What are the prime factors of (5/10)/(4 + -3)*27342?
3, 7, 31
Let a(u) = 44 + 3 - u**2 + 21 - 26*u - 8. List the prime factors of a(-19).
193
Suppose 3*y = 2*n + 1 - 4, 5*n - 2*y = 2. Let f be (n + 6/8)/(3/720). Suppose 3*w + 138 = 3*p, 3*w + f = 4*p - 0. What are the prime factors of p?
2, 3, 7
Let n be (39 + -40)*(-1 - -1). Suppose -559 = -x - 5*r, 4*x - 6*x - 2*r + 1142 = n. List the prime factors of x.
2, 7, 41
Let b(r) = -r**2 - r + 1. Let g(h) = -19*h**2 + 145*h - 23. Let l(d) = -6*b(d) - g(d). List the prime factors of l(11).
17, 89
Let p(k) = 16*k**2 - 179*k - 434. What are the prime factors of p(-62)?
2, 3, 31, 97
Suppose 0 = 5*h + 30, 3*z - 5*h + 3772 = 50689. List the prime factors of z.
15629
What are the prime factors of ((-34)/(-68))/(1/28226)?
11, 1283
Let n(q) = -4 + 2*q + 0 + q. Let u be n(2). Suppose u*p = 5*k - 236, 3*k = 2*p + 63 + 81. List the prime factors of k.
2, 23
Suppose 206923 = 5*s + 2*k, 5*s + 5*k - 222453 = -15548. List the prime factors of s.
41387
Let p = 130595 + -81277. List the prime factors of p.
2, 24659
Let y(u) = 2*u**3 - 24*u**2 - 231*u + 113. List the prime factors of y(39).
2, 11, 3329
Let n(f) = -42*f**2 - 6263*f - 66. What are the prime factors of n(-149)?
7, 97
Let a(y) = -2*y + 11. Let d be ((-176)/(-66))/(0 + 4/6). Suppose -3*i + 3*o + o - 3 = 0, 0 = -d*i + 4*o. What are the prime factors of a(i)?
5
Suppose -58362 = -17*r + 153203. List the prime factors of r.
5, 19, 131
Suppose -2*j + 12 = 2*j. Suppose -j*c = 10 - 1, -3*l + c = 18. What are the prime factors of 8/(-28) + (-177)/l?
5
Let q(k) = k**3 + 40*k**2 + 38*k - 41. Let l be q(-39). List the prime factors of ((l - 2) + 4)/(-4) - -1125.
3, 5
Suppose -177*z + 182*z = 4*g + 54825, -4*g - 32887 = -3*z. List the prime factors of z.
7, 1567
Let r(s) = 414*s**2 + 4*s + 4. Let j be r(-1). Suppose 3*v = -j + 1224. List the prime factors of v.
2, 3, 5
What are the prime factors of ((-1)/((-9)/15))/((-23)/(596643/(-5)))?
8647
Suppose 1312 = -5*t + 2*t + 8815. List the prime factors of t.
41, 61
Suppose 4*x - 8232 = -0*x. Suppose 5*a = 10, -3*r - 3*a = -6*a - x. Suppose -b - 85 + r = 5*t, 5*t + 4*b - 612 = 0. What are the prime factors of t?
2, 3, 5
Let u(t) = -18*t**2 - 5*t - 4. Let a be u(-2). Let s be (-4)/22 + (-342)/a. Suppose c + 529 = s*c - 5*y, -4 = 4*y. What are the prime factors of c?
131
Let d be 2*-1*(-4 + -3) - 5. Suppose -2651 = -5*u + d*i - 7*i, 3*i = 5*u - 2654. What are the prime factors of u?
23
List the prime factors of (182997 + 4)*196/686.
2, 13, 2011
Let r = 540 - 540. Suppose 25*u + 6*u - 27993 = r. List the prime factors of u.
3, 7, 43
Let x(n) = -2443*n - 449. What are the prime factors of x(-7)?
2, 23, 181
Let y(x) = 6232*x**2 + 6*x + 3. What are the prime factors of y(1)?
79
Let b(a) = -a**3 - 35*a**2 + 34*a - 64. Let t be b(-36). Suppose -2832 = -t*h + 2*h. What are the prime factors of h?
2, 59
Let a = 507 - 516. What are the prime factors of 6/a - -1 - (-1058)/3?
353
Let w = -192 - -202. Suppose 1869 + 1481 = w*n. List the prime factors of n.
5, 67
Suppose n = 3*x - 23, -x - 2 - 3 = 0. Let c = -80 - n. Let j = c - -61. List the prime factors of j.
19
Suppose -5*z = -5*a + 59665, 4*z - 18864 = -3*a + 16900. What are the prime factors of a?
2, 3, 7, 71
Let g(l) be the third derivative of 2*l + 0 + 7/12*l**4 + 36*l**2 - 41/6*l**3. List the prime factors of g(19).
3, 5
Suppose -4*r - 15 = 1. Let h be (-12 - 11) + 4 - -7. What are the prime factors of h/16 + (-39)/r?
3
Let w be (48/(-2))/(14/(-35)). Let b be (((-12)/(-2))/1 + -3)*1. Suppose a + 0*a - k = 16, -w = -b*a - k. What are the prime factors of a?
19
Let m(x) = 7*x**3 - x**2 + 2. Let j be m(1). Suppose -3 = -j*t - 83. Let k = 40 - t. List the prime factors of k.
2, 5
Suppose -75*z = 109*z + 114*z - 12572322. What are the prime factors of z?
3, 7, 41
Let x = 3776 + -2204. List the prime factors of x.
2, 3, 131
Let u(a) = a**3 + 3*a**2 - 6*a - 7. Let j be u(-6). Let i(q) = -46*q**3 + 5*q**2 + 13*q + 9. Let b be i(-1). Let p = b - j. List the prime factors of p.
2, 3, 7
Let c = -1492 - -2487. List the prime factors of c.
5, 199
Suppose 3471 = 2*s - 3*p, 11*p - 5226 = -3*s + 9*p. What are the prime factors of s?
2, 3, 5, 29
Suppose 17*d - 28 = 3*d. Suppose 0*c - 239 = -5*g + 3*c, -d*c = -4. What are the prime factors of g?
7
Let g = 7841 - 7776. What are the prime factors of g?
5, 13
Let a = -26566 + 48916. What are the prime factors of a?
2, 3, 5, 149
Suppose -15 = -5*c - 0*c. Suppose n - 1 - 4 = -r, -4*n + 4*r + 20 = 0. Suppose -93 = -w - c*u, -7*u = -w - n*u + 93. List the prime factors of w.
3, 31
Suppose -9*l + 215 = 296. Let o(s) = -2*s**2 + 16*s - 14. Let c(g) = g**2 - 15*g + 14. Let d(h) = -5*c(h) - 4*o(h). What are the prime factors of d(l)?
2, 5, 13
Suppose -4*j + 4*w = 3*w - 82, 38 = 2*j + w. Suppose 2*v + 3*v - j = 0, 5*t - 3*v - 2803 = 0. Let m = t + -360. What are the prime factors of m?
7, 29
Let f be (39/(-15) + 3)*-25. Let r be (f/8 - 9/(-36)) + 7. Suppose r*q + 2*s = 3*q + 157, -10 = -5*s. What are the prime factors of q?
3, 17
List the prime factors of (10/25)/(11/398915).
2, 7253
Let n = -55 + -81. Let q = n - -261. List the prime factors of 12/(-4) + 8 + q.
2, 5, 13
Suppose 50*l - 593582 = -88*l + 195916. What are the prime factors of l?
3, 1907
Let o(j) = j**2 - 1. Let q(x) = 33*x**2 + 3*x - 1. Let z(p) = -4*o(p) + q(p). Let k be z(3). What are the prime factors of k/3 - (-8 - -9)?
2, 3, 5
Suppose 3*f = z - 2, -2*z = -2*f + 4*f - 4. Suppose -c = z*t - 885, 5*c - 3504 = c + t. What are the prime factors of c?
877
Let i(f) = -871*f - 1497. What are the prime factors of i(-22)?
5, 3533
Let l = 8243 - 5414. What are the prime factors of l?
3, 23, 41
Let v(t) = 5*t**2 - 139*t - 208. What are the prime factors of v(121)?
2, 3, 3121
List the prime factors of 17*27/2754 + 16954/12.
3, 157
Suppose -5*m + 2*n + 10028 = -n, 10056 = 5*m + 4*n. What are the prime factors of m?
2, 251
Suppose 7*d - 14 = -0*d. Suppose -d*z = y + 1 - 4, -z + 6 = -y. Let j(q) = 2*q**3 + 2*q**2 + 6*q - 5. List the prime factors of j(z).
5, 17
Suppose 11 = 5*l - 3*m, m - 3 = -5. Suppose 3*v + 0*v = 12, -4*c + 20 = 2*v. List the prime factors of (-120)/(-3)*(5/l - c).
2, 5
Suppose -64*u = -50*u + 62*u - 793668. What are the prime factors of u?
3, 59
Let k(p) = -9*p**2 - p + 2. Let d be k(1). Let y be -12 + 24 + d/2. Suppose -y*l + 648 - 208 = 0. What are the prime factors of l?
5, 11
Let s(g) = 11*g**2 + 2*g. Suppose 0 = -4*f + 3*f + 2. Let i be s(f). What are the prime factors of 3 - 234/(-8)*i/18?
3
Let j be (11 - -292) + 6/1. Let z = -172 + j. What are the prime factors of z?
137
Let m = 139 - 442. Let q = m - -357. List the prime factors of q.
2, 3
Let l(r) = r**3 - 4*r**2 - 6*r - 2. Let p be l(-2). What are the prime factors of (-2203)/(-15) + p/(-105)?
3, 7
Let m(v) = -2*v + 6. Let j be m(1). Suppose -j*h + 1801 + 743 = 0. What are the prime factors of h?
2, 3, 53
Let p(v) = -3*v - 44. Let f be p(-16). Suppose w - 2612 = -4*r, 5*r + 3*w - 3265 = f*w. List the prime factors of r.
653
Let q(n) = -n**2 - 48*n -